 Is o a prime number?
True
Let q = 8 - 5. Suppose -3*z - q*x + 411 = 0, 2*z - 4*x - 126 = 124. Is z a prime number?
False
Suppose f + 1168 = 3*s - 4*f, 0 = -5*s + f + 1910. Is s prime?
False
Is 2425 + -1*8/(-2) prime?
False
Let r = -451 - -1131. Suppose 3*s + 3*x = 358 + 32, 5*s - 5*x - r = 0. Suppose 4*c - s - 15 = 0. Is c a prime number?
True
Let b(a) = a**2 - 6*a - 21. Is b(-16) prime?
True
Let j = -5 - -10. Suppose 0 = -2*v + s + 98, j*v + 0*v + 5*s = 275. Is v a prime number?
False
Suppose 3*t = -7 + 22. Is 8/20 + 2603/t a prime number?
True
Let f be 2/((-18)/(-3))*-3. Let z be 1 + (-1 + 2)*f. Suppose z*x + 33 = x. Is x a prime number?
False
Suppose -5*w - 3*o = 7, 3*o - o - 12 = 5*w. Is w*(-2 - 157/2) prime?
False
Let r be (-3)/(-9)*(1 - -11). Suppose r*x = 2*x + 46. Suppose 0*z - 3*z + 44 = 5*n, 0 = -5*n + 4*z + x. Is n composite?
False
Let n be (2 - (-2 - -4))/2. Suppose -2*t + 0*t + 530 = n. Is t a composite number?
True
Let y(o) = o**3 - 3*o**2 - o - 1. Let r be y(3). Let s(i) = 3*i**2 - 5*i + 1. Let p be s(r). Suppose -4*d + 71 = -p. Is d composite?
True
Suppose 0 = 3*h - 5*t + 9*t - 207, t - 328 = -5*h. Suppose 0 = -3*p - 86 - 52. Let v = h + p. Is v composite?
False
Suppose 3*g + r = -3 + 4, 5*g - 2*r = -2. Suppose g*w + w - 12 = -3*p, 3 = -2*w + 3*p. Suppose 3*h = 12, 0*d - w*d + 57 = 3*h. Is d a prime number?
False
Suppose -3*l = 4*x - 436 - 3985, 2*l + 2*x = 2944. Suppose 0*c - l = -3*c. Suppose -4*m + c = -m. Is m a composite number?
False
Suppose 3*g = -12, 0 = -5*u - 2*g + 44896 - 11864. Is (-6)/(-10) - u/(-20) prime?
True
Let a be (22/(-4))/(5/10). Let b = -8 - a. Is b composite?
False
Let z(b) = -b**3 + 20*b**2 + 6*b + 16. Is z(19) a prime number?
True
Let x be 8/(-20) - 8/5. Let t be (1 + -1)/(-3) + x. Let d(w) = 13*w**2 + 4*w + 3. Is d(t) prime?
True
Suppose -3*y = -y - u - 8, -y + 4 = 4*u. Suppose f = y*f + 5*w - 181, -2*f - 3*w = -121. Is f prime?
False
Let i be (-7)/(-5) + (-4)/10. Let f be (i + -1)/(0 - -2). Suppose 3*x - 6 - 15 = f. Is x a composite number?
False
Suppose -9 = 5*k + 36. Is (-987)/k + (-4)/6 a prime number?
True
Let h(d) = -d**2 + 1. Let k be h(1). Suppose 2 + 6 = -4*r + o, k = 3*r + 5*o + 6. Let m = 2 - r. Is m composite?
True
Suppose -5*p = -3*p - 3826. Is p composite?
False
Suppose -10 = 2*b - 4*y + 4, -2*b - y + 6 = 0. Is (11 - 13) + (b - -392) a prime number?
False
Suppose 0 = 4*y + 2*q - 1520, 2*y - 639 - 115 = -4*q. Is y a prime number?
False
Let k = -3 - -2. Let q be 4 + -2 + 0 + k. Is q + 31 + (-5)/(-5) a prime number?
False
Let t(c) = -14*c - 5. Suppose -6*b + 11*b = -15. Is t(b) composite?
False
Let m(v) = -6*v + 3. Let u be m(2). Let h = u + 62. Is h a prime number?
True
Let b(i) = i**2 - 7*i + 5. Let q be b(8). Let g(l) = -9 + q - 2*l - l + 6. Is g(-9) prime?
True
Suppose 4*g - 12 = g. Suppose v - 2 = 2*k, -2*k + 14 = -5*k - g*v. Is (-1 - (-78 - 2)) + k composite?
True
Suppose 2*c + 8 = 0, -t - 3*c - 2*c = 34. Let h = -8 - t. Is h a composite number?
True
Let a be 6 - 3 - (-32 + 0). Suppose 9*i - 4*i + 4*r = -12, 15 = -5*r. Suppose i = -4*x + a + 105. Is x a prime number?
False
Let f = 432 - 229. Is f a composite number?
True
Let q(z) = 2*z - 9. Let a be q(8). Let d(p) = -p**2 + 8*p - 7. Let k be d(a). Suppose -3*x + 2*s + 2*s + 209 = k, 4*x - 286 = -2*s. Is x a prime number?
True
Suppose -5*m - i + 33 = i, -35 = -3*m - 5*i. Let n(o) = m + 0*o**3 + o**3 - 3*o**2 - 2*o**3. Is n(-5) prime?
False
Let s be ((-31)/(-3))/(2/(-6)). Let m be s/2 - (-4)/8. Let l = m + 70. Is l prime?
False
Let b(v) = -v**3 + v**2 + 3. Let j = -1 + 1. Let p be b(j). Is 400/6 - (-1)/p prime?
True
Let h(l) = l + 2. Let v be h(3). Suppose 0 = 5*d + 15, 5*b - 221 = -v*d + 179. Is b prime?
True
Suppose 0 = 4*y - 5*m - 3548, -4*y - 4*m + 3580 = -m. Suppose 2*w = 6*w - y. Is w composite?
False
Let a(m) = m**2 - m + 7. Is a(9) prime?
True
Let g = 0 - 0. Let a be (-20)/15*3/(-2). Suppose g = o - a*o + 49. Is o prime?
False
Let t(x) = x + 4. Suppose 6 + 6 = 2*i. Is t(i) a composite number?
True
Suppose 0 = v - 3 + 1. Let k be -1 - ((-27)/5 - 22/(-55)). Suppose 3*j - k*z = 143, 0 = -v*j - j - 4*z + 175. Is j a prime number?
True
Suppose -t - 2*r = r - 95, -3*t = -5*r - 229. Is t a composite number?
False
Let h(z) = -4*z**2 + 3*z + 8. Let r(i) = -5*i**2 + 2*i + 9. Let y(w) = -6*h(w) + 5*r(w). Is y(-7) prime?
False
Suppose -110 = -2*y - 0*y - 2*r, 4*r + 12 = 0. Is y a composite number?
True
Let x = -11 + 19. Let w(f) = x*f + 2 - f**2 + 4 - 7*f**2 + f**3. Is w(7) prime?
True
Suppose -2*x - 132 = -x. Let w = x - -215. Is w prime?
True
Let t(a) be the second derivative of -7*a**4/6 - 7*a**3/3 + 291*a**2/2 + 2*a. Let b(w) = -5*w**2 - 5*w + 97. Let i(z) = -11*b(z) + 4*t(z). Is i(0) prime?
True
Is (134/(-4))/(1/(-2)) prime?
True
Let t be ((-92)/6)/(2/12). Let n = -39 - t. Is n a prime number?
True
Let v(x) be the first derivative of x**3 - 4*x + 1. Is v(-3) prime?
True
Is (-1 - -2) + 107 - (-6 - -5) a composite number?
False
Let h(t) = -t**2 - 5*t - 1. Let k be h(-4). Suppose -5 = 2*x - k*x. Suppose x*i = 5*f + 465, 2*i + 2*f + 28 = 206. Is i composite?
True
Let f(q) be the third derivative of q**6/360 + 7*q**5/120 + 7*q**4/24 - q**3/6 + 3*q**2. Let t(r) be the first derivative of f(r). Is t(-10) prime?
True
Suppose 5*o - 16 = -0*x + x, 0 = 3*o + x - 8. Let n(z) = z**3 - z**2 + 1 + 4*z**2 + 3*z - 2*z**o. Is n(3) a composite number?
True
Let p(w) = w**2 - 10*w - 18. Is p(-21) a prime number?
False
Let c(a) = -14*a**2 - 5*a - 1. Let l(z) = 7*z**2 + 2*z. Let q(h) = 4*c(h) + 9*l(h). Is q(3) a prime number?
True
Let b = -15 - -8. Let r(u) = -6*u - 7. Is r(b) prime?
False
Suppose 0 = -2*z + 1316 - 342. Is z prime?
True
Let w = 383 + -105. Is w prime?
False
Let l = -11 - -15. Suppose -l*z + 0*z = -364. Is z composite?
True
Let z(b) = -b**3 + 11*b**2 + 11*b - 4. Is z(9) a prime number?
True
Let z(a) = -a**3 + 15*a**2 - 4*a + 9. Is z(7) a composite number?
False
Let d = 10 - 6. Suppose u = -d*u + 320. Let h = 129 - u. Is h composite?
True
Let r = -5 - -7. Suppose c + r*c = 609. Is c prime?
False
Suppose 3*z + 2*z - 45 = 0. Suppose 0 = h - 4*n - z, -5*h + n + 7 = -0*n. Is h/(5/26)*5 a composite number?
True
Is (1093 + 1)*((-9)/(-6))/3 composite?
False
Let f(z) = -4*z**3 + z - 1. Let j be f(1). Let q(t) = -t**3 + 6*t**2 - 5*t - 1. Let a be q(5). Is ((-220)/(-16))/(a/j) composite?
True
Is ((-3)/((-54)/30))/((-2)/(-174)) a composite number?
True
Let x = -117 + 484. Let r = x + -182. Is r a composite number?
True
Suppose u - 16 = -u. Let n(w) = -w**3 + 9*w**2 + 2*w - 3. Is n(u) prime?
False
Let g be (-388)/(-6) + 6/(-9). Suppose -g + 179 = r. Is r prime?
False
Let k = 970 + -681. Let w = k - 185. Is ((-4)/8)/((-2)/w) composite?
True
Let w(p) = -55*p**3 + p**2 - p + 2. Let l be w(-2). Suppose 0 = -0*d - 3*d + 5*z - 434, 2*z + l = -3*d. Is 6/4*d/(-6) composite?
False
Let a(n) be the second derivative of 5/6*n**3 + 0 + 1/4*n**4 - n - 1/2*n**2. Is a(4) prime?
True
Let z(m) = -5 + 0*m**2 + 15*m - 12*m + 15*m - m**2. Is z(12) a composite number?
False
Let q(u) = -9*u + 5. Let p be q(-7). Suppose -p - 440 = -4*c. Is c composite?
False
Suppose -5*m = -4*m + 25. Let h = -14 - m. Is h a composite number?
False
Is (-3 + 1)*(-148)/8 a composite number?
False
Suppose -2*u + 4*u = 8. Suppose -u*a + 2*t = 3*t - 11, 3*a + 3*t = 15. Is a/(-7) - (-681)/7 composite?
False
Is (-74436)/(-24) - 1/2 a prime number?
False
Let q(g) be the second derivative of 9*g**3/2 - g**2 + 2*g. Is q(3) prime?
True
Suppose -p - 2*p + 759 = 0. Is p composite?
True
Let o(b) = -b + 4. Let u be o(-4). Let z be (530/(-6))/((-1)/3). Suppose u*h = 3*h + z. Is h a prime number?
True
Let v(j) = 15*j**2. Let k be v(-2). Let o = k - 41. Is o composite?
False
Suppose 0 = -2*y - x + 8, 0 = -4*y + 4*x - 0*x - 8. Suppose 0 = -n + 5*n + y*l - 1882, n = 2*l + 463. Is n a prime number?
False
Let v = -6 - -3. Let d(r) = r**3 - 4*r**2 - 2*r + 2. Let t(c) = -c**3 + 3*c**2 + 2*c - 1. Let u(s) = 2*d(s) + 3*t(s). Is u(v) prime?
True
Let q = 4 + -2. Is 7 + q - (0 - -2) composite?
False
Is (-711)/(-3) + (-6)/3 prime?
False
Suppose -2*w = -3*w + 5, 3*g + w - 8 = 0. Let m(z) = 2*z + 1. Let u be m(1). Suppose 0 + 6 = u*r - 2*l, l + g = r. Is r a composite number?
True
Let y(m) = m**2 + 5*m - 9. Is y(8) a prim